d 60?
15
Suppose -2*c = -28 + 4. Suppose 3*i - c = 2*i. Let x be (-1)/5*42*-10. What is the greatest common divisor of x and i?
12
Let o(u) be the second derivative of 0 + u - 1/6*u**3 + 1/2*u**2. Let i be o(-7). Calculate the greatest common factor of i and 88.
8
Suppose 2*f + 648 = 5*f. Calculate the highest common divisor of f and 54.
54
Let k be (1 - 7)*(-13)/2. Suppose -j - 2*j = -k. Calculate the highest common divisor of 13 and j.
13
Suppose 0 = -4*w - 46 + 146. Calculate the greatest common divisor of 200 and w.
25
Let j = -15 + 8. Let q(v) be the second derivative of v**4/12 + 5*v**3/6 - 5*v**2 - v. Let b be q(j). Calculate the greatest common divisor of b and 16.
4
Let f = -3 - -12. Let l = 14 - f. What is the highest common factor of l and 25?
5
Let h = 10 - -10. Let g = 22 - 12. What is the highest common divisor of h and g?
10
Let v = 9 + -4. Calculate the highest common divisor of v and 40.
5
Suppose -3*d - d = 0. Suppose d = -0*a + 2*a - 16. Suppose 3*o - 12 = -o, -4*o - 180 = -3*x. Calculate the highest common factor of x and a.
8
Let v = 121 + -106. Calculate the highest common factor of 105 and v.
15
Let h = 63 - 95. Let v = 74 + h. Calculate the greatest common factor of 14 and v.
14
Let s(d) = 11*d**3 - d**2 + d. Let g be s(1). Let j = 45 + 11. Let a be (j/7)/((-1)/(-11)). What is the highest common factor of a and g?
11
Let z(g) = 4*g + 1. Let s be z(4). What is the highest common factor of 136 and s?
17
Let j(c) = c**3 - 2*c**2 - c + 27. Let a be j(0). What is the highest common factor of a and 117?
9
Suppose 2*y = y + 6. Suppose 9*m + 75 = 4*m. Let c be (-100)/m + 2/(-3). What is the highest common divisor of c and y?
6
Suppose 20 = 2*s + 3*v, 4*s + 5*v - 38 = -0*s. Let q = -92 - -169. Calculate the greatest common factor of q and s.
7
Suppose -6*a + 90 = -3*a. Suppose h = -2*h + a. Let g be 3 + 1*-2 + 19. Calculate the highest common divisor of h and g.
10
Let d be 185/20 - (-6)/8. What is the highest common factor of d and 30?
10
Let j be -5 + (161 - (-12)/3). Calculate the greatest common divisor of 64 and j.
32
Let v(r) = -2*r + 6. Let x be v(-7). Suppose 2*d - x = -o, 0 = -o + 6*o - 3*d - 165. What is the greatest common factor of 10 and o?
10
Let o be -4*-2*30/16. Suppose h = -2*h - 3*m + 18, -3*h - m = -10. Suppose -h*x = -x - 4*j + 9, -5*x + 27 = 4*j. What is the highest common factor of o and x?
3
Let a be (-4)/(-14) + (-6)/21. Suppose d = -0*d + 96. Suppose -4*l = -a*l - d. What is the greatest common divisor of l and 6?
6
Let n = -57 + 87. Let b(g) = 11*g + 1. Let x(o) = o. Let v(i) = -b(i) - 2*x(i). Let y be v(-1). Calculate the greatest common factor of y and n.
6
Let o = 3 + -2. Let g be -5 + 51 - (3 - o). Suppose 2*r = p + g, -75 = -3*r - p - 19. Calculate the greatest common divisor of r and 10.
10
Let b(u) = u**2 - 13*u - 8. Let v be b(14). Calculate the highest common divisor of 24 and v.
6
Let z(b) = b**3 + 6*b**2 + 6. Let o be z(-6). Calculate the highest common divisor of o and 6.
6
Let g = 107 + -97. Suppose -3*u - m = -119, 0 = 4*u - 2*m - 3*m - 165. What is the highest common factor of u and g?
10
Suppose -k - 22 = -2*k. What is the highest common divisor of 33 and k?
11
Let r = 61 - 19. Calculate the greatest common factor of 105 and r.
21
Suppose -5*c + 35 = 5*n, 0*c - 5*n = -c - 11. Calculate the highest common divisor of 20 and c.
4
Suppose -2 = -3*g - 2*k, -2*g + 3*k + 12 = g. Suppose -5*t + 3*r = 7*r - 184, 3*t + g*r - 110 = 0. Calculate the greatest common factor of t and 18.
18
Let d be ((-16)/10)/(20/(-50)) + -3. Calculate the highest common factor of d and 8.
1
Let v(g) = 9*g**2 - g + 1. Suppose 3*l + 2 = 4*l + 2*i, 3*i - 18 = -4*l. Let s = l + -4. Let q be v(s). What is the highest common factor of q and 7?
7
Suppose -4*i + 7 + 9 = 0. Let h be 1/(i/(-448)*-1). What is the greatest common divisor of h and 16?
16
Let b(o) = o - 7. Let x be b(5). Let q = x + 12. What is the greatest common factor of q and 30?
10
Let s = -46 - -150. Suppose -6*u + 4*u + s = 0. Let v be 4/14 - (-1816)/14. Calculate the greatest common factor of v and u.
26
Suppose 0 = 5*n - 5*o - 430, 350 = -n + 5*n - o. What is the highest common factor of 22 and n?
22
Suppose -37 = -2*k + 5*f, f = 2*k + 8 - 33. Calculate the highest common factor of k and 22.
11
Let c(g) = g**2 + 4*g - 5. Let z be c(-6). Calculate the greatest common divisor of z and 56.
7
Suppose -5*g - 8 = 7, -r + 8 = 3*g. What is the greatest common factor of 17 and r?
17
Let y = -10 - -11. Let g(p) = 4*p**2 - 2*p + 1. Let o be g(y). What is the highest common factor of o and 3?
3
Suppose 2*q - 85 = -3*c + q, -2*c - q + 58 = 0. What is the greatest common factor of c and 27?
27
Let g(o) = -o - 4. Let a be g(-2). Let d be 3/18*a*-9. What is the highest common factor of d and 33?
3
Let i be (-2)/(-10) + (-72)/(-15). Suppose -12 = 2*q - i*q. Calculate the greatest common factor of q and 36.
4
Suppose 0 = -2*l - 23 - 47. Let h be 6/(-14) - 365/l. Calculate the greatest common divisor of h and 2.
2
Let c = 2 + 1. Suppose -2*j + 5*v - 13 = 0, -3*j + 0*v = -3*v - c. Suppose b - j*b = -405. What is the highest common factor of 9 and b?
9
Let k(s) = -s - 2. Let v be k(-7). Suppose -24 = v*z - 69. What is the greatest common divisor of 81 and z?
9
Suppose 3*k = 97 + 173. Calculate the highest common factor of 30 and k.
30
Let r = 24 - 4. What is the greatest common factor of r and 8?
4
Suppose 29 = -5*t + 189. Let j = -8 + t. Calculate the highest common factor of j and 8.
8
Let c = 14 + -43. Let y be (3 - 3 - c) + -1. What is the highest common factor of y and 42?
14
Suppose -16 = 5*u - 7*u. What is the highest common factor of u and 72?
8
Let f(z) = -7*z - 41. Let r be f(-18). What is the greatest common factor of 34 and r?
17
Let q(s) = s**3 + 9*s**2 + 10*s - 6. Let p be q(-8). Let z be p - 3/6*0. Let g be z/(-2) - 2 - 1. What is the highest common factor of g and 12?
4
Let n = 37 + -9. Let h = 409 - 269. What is the greatest common factor of h and n?
28
Suppose -y - 36 = -3*y. Suppose -3*z - 64 = -2*j, 2*z + 20 = -3*z. Suppose -2*u - 2 = -j. Calculate the greatest common divisor of y and u.
6
Suppose -5*y + 13 = -7, 5*r - 126 = y. Suppose 6*x = 4*x - 6, -x + 114 = 3*t. What is the highest common divisor of t and r?
13
Let g = 7 + -1. Calculate the greatest common factor of g and 66.
6
Let p(j) = -j**2 - 11*j + 20. Let g be p(-12). What is the greatest common factor of 12 and g?
4
Let m = -4 + 26. Let s be (-1118)/(-22) + 4/m. Suppose g = 6 + 11. Calculate the greatest common factor of g and s.
17
Suppose -2*t + 79 = j, -t - 2*j + 29 = 2*j. Let m = t + 4. What is the greatest common factor of m and 5?
5
Suppose -3*g = 3 + 12. Let y(c) = -c**3 - 4*c**2 + 5*c + 4. Let r be y(g). Calculate the greatest common divisor of 44 and r.
4
Suppose -11 = -5*i + 34. Calculate the greatest common factor of i and 27.
9
Let a(o) = 6*o - 4. Let x be a(4). Let b be 50/6 + 4/(-12). Calculate the greatest common factor of b and x.
4
Suppose -34*t = -28*t - 288. What is the greatest common factor of t and 12?
12
Suppose -15 = 3*d, 3*c - 2*d = d + 135. Suppose 0 = 2*f - 27 - 33. Let v = -20 + f. What is the highest common divisor of c and v?
10
Let i(j) be the second derivative of j**3 + j**2 - j. Let a be i(4). Calculate the greatest common divisor of 13 and a.
13
Suppose -d - 5 = -2*u - 0, 4*u - d - 13 = 0. Suppose -u*g = -80 + 20. Calculate the highest common divisor of g and 3.
3
Let p = 4 - 1. Let h(w) = w**3 - 6*w**2 + 2. Let i be h(6). Calculate the highest common divisor of i and p.
1
Let g be (1 - -2)*(-2 + 6). Suppose -5*k + g = -2*k. Let n be 57/4 - 1/k. Calculate the highest common factor of 21 and n.
7
Let h = -53 - -74. Calculate the greatest common divisor of h and 7.
7
Let t be (-48)/(-40)*(-5)/2 + 129. What is the greatest common divisor of t and 18?
18
Let a be -1 - (-22)/2*1. Calculate the highest common factor of 5 and a.
5
Let t(q) = 0*q**2 + 10 + 8*q**2 - 4*q**2 - 5*q**2 + 7*q. Suppose 4*f + 0*f - 28 = 0. Let s be t(f). What is the greatest common factor of 90 and s?
10
Let k be 6/39 + (-516)/26*-1. Let o be 2 + -3*(-16)/6. Calculate the highest common factor of k and o.
10
Suppose -3*a - 3 = 4*g - 0*a, -4*g + 5*a - 27 = 0. Let j = 4 - g. What is the high